*f + 7*f + 45 + 4*f + 20. What is the tens digit of s(11)?
0
Suppose 102*b - 107*b = 10. Let k(v) be the first derivative of 8*v**3/3 - 2*v - 3. What is the units digit of k(b)?
0
Suppose -8*b + 4*b + 1532 = 0. Suppose 2*d - b = 453. Suppose -v + 990 = 5*h, d = 2*h - 0*h - 4*v. What is the units digit of h?
9
Let l = 2282 - -6855. What is the thousands digit of l?
9
Suppose 42*j - 8*j - 299674 = 81942. What is the units digit of j?
4
Let u(g) = 3*g + 20. Let d = -33 - -27. Let s be u(d). Suppose 39 - 79 = -s*z. What is the units digit of z?
0
Let l(m) be the third derivative of -14*m**2 + 3*m**3 + 11/12*m**4 + 0*m + 0. What is the hundreds digit of l(4)?
1
Let y(a) = -a**3 + 26*a**2 + 35*a + 60. Let n be y(27). Suppose 4*u = 4*o + n, 3*o + 84 + 55 = 2*u. What is the units digit of u?
8
What is the tens digit of (-1 + (-39446)/(-16) - (-15)/(-40)) + 2?
6
Suppose 2*r - 7*r + 72375 = 5*o, r = 4*o + 14470. What is the hundreds digit of r?
4
Suppose 87*v = 81*v + 1824. Let u = 7 + v. What is the units digit of u?
1
Let r(j) = 5795*j - 603. What is the hundreds digit of r(1)?
1
Suppose -70*n - 20434 = -74*n - a, -n - 2*a = -5112. What is the thousands digit of n?
5
Let s be -1 - (-16536)/28 - (-36)/(-63). Let a = -301 + s. What is the tens digit of a?
8
Let m = 9 - 0. Suppose 53582 = 35*h - 20688. Suppose m*j - 11 = h. What is the tens digit of j?
3
Suppose -16 = -4*d, 4*t - 30 = t - 3*d. Let v(m) = 3*m + 5*m - 4 + t. What is the tens digit of v(3)?
2
Let w = 265 - 179. Let z = 355 + w. Suppose -5*b = -8*b + z. What is the hundreds digit of b?
1
Suppose 0 - 3 = r, r = -4*d + 17. Suppose o - d*o = 16, 0 = 2*c + 3*o - 54. Suppose 4*m + c = k, 5*k = 4*m + 162 - 29. What is the units digit of k?
5
Let c(j) = 3*j - 24. Let p be c(10). Suppose -p*u = -5*u - l - 378, u - 382 = 2*l. What is the units digit of u?
4
Let n(y) = -y**2 + y - 1. Let o(b) = -b**3 + 9*b**2 + 2. Let u(p) = -10*n(p) - 2*o(p). Let m be (5 - 8)*(-1 - 8/6). What is the hundreds digit of u(m)?
2
Let x(k) = 5*k**2 - 14*k + 59. Let p be x(6). Suppose -3*o + 717 = -n, -4*o + 796 = -3*n - p. What is the hundreds digit of o?
2
Let r = -5753 + 10941. What is the units digit of r?
8
Suppose -15*j + 64337 + 63075 = 18212. What is the thousands digit of j?
7
Suppose -122*t = 26*t - 707144. What is the thousands digit of t?
4
Suppose -10*f = -9 - 41. Suppose -n = -2*a + 14, -3*a + f*n = 2*n - 27. Suppose 0 = 3*r - 3, -a*g - 2*r = -3*g - 60. What is the units digit of g?
9
Suppose 5*s = 4*y + 50292, 10078 = s - 609*y + 611*y. What is the thousands digit of s?
0
Let i(k) = -k - 13. Let z be i(-16). Suppose -8*s + 3*b + 2 = -z*s, -4*s - 3*b + 7 = 0. What is the tens digit of (34 + (1 - s))*1 + -2?
3
Let y(o) = 97*o + 21. Let b be y(-1). What is the units digit of (b/152)/(1/(-10))?
5
Let m = 49239 - 7376. What is the thousands digit of m?
1
Let z(x) be the first derivative of x**5/8 - 3*x**4/4 - 2*x**3/3 + 30. Let u(n) be the third derivative of z(n). What is the units digit of u(11)?
7
Suppose -5*l = -7*u + 9*u - 22, -3*l + 5*u = -7. Suppose -7*q = -5*q - p - 37, l*q - 5*p - 71 = 0. What is the units digit of q?
9
Suppose -5*q - 3*h + 815 = 0, q - 3*q - 3*h = -317. Suppose 3*d - 77 = q. Suppose -2*n - d = -3*f + 227, 0 = -f - 4*n + 98. What is the units digit of f?
2
Suppose 4*m + 5*f + 36 = 0, 0 = -10*m + 7*m + 5*f - 27. Let k be 8 + m + -1 + 6. Suppose 4*x - q - q - 72 = 0, 4*x - k*q - 72 = 0. What is the units digit of x?
8
Let g = -56 + 122. Suppose g*n - 45*n - 9723 = 0. What is the tens digit of n?
6
Let u = 182 + -188. What is the hundreds digit of 1 - (-39)/(-26)*1696/u?
4
Let d = -3479 + 11512. What is the thousands digit of d?
8
Let f = 4053 + 8322. What is the units digit of f?
5
Let o(k) = -k**2 + 0*k**2 + 26 - 30 + 0*k + 9*k. Let z be o(8). What is the tens digit of z + 74/((-5)/(-5))?
7
Suppose -7*c = -4*c - 2*x - 55721, 4*c - 2*x = 74296. What is the thousands digit of c?
8
Let m(v) = -4*v + 41 - 2*v**2 - 2*v - 47 + 3*v**2. Let b be m(4). What is the units digit of (b + 6)*((-98)/4 - -1)?
8
Let h = -5941 - -5951. Let o be (-2796)/(-10) - 4/(-10). Suppose 14*j - o = h*j. What is the units digit of j?
0
Let s = -11 + 11. Let t = -86 - -91. Suppose t*o - 593 + 63 = s. What is the tens digit of o?
0
Let m(s) = 162*s**2 + 18*s + 16. Let l be m(5). Let y = l - 2938. What is the units digit of y?
8
Let n = -40 + -5. Let i = n - -45. What is the units digit of i + 57 + -2 - -3?
8
What is the hundreds digit of (202 + -204)*((-17198)/4 + -2)?
6
What is the units digit of 1579711/49 - 9/((-27)/(-12))?
5
What is the tens digit of -23*(3 + -5)/(8670/(-2892) + 3)?
7
Let g(h) = -6*h - 2. Suppose -4*a = 2*y - 22, 2*a - 5*y = -3 - 4. Suppose 0 = -r - a*r - 5. What is the units digit of g(r)?
4
Let f(w) = -56*w - 1853. What is the hundreds digit of f(-132)?
5
Let n = 11774 + -7816. What is the tens digit of n?
5
Let s be 59 - (4/(-1) - -1). Suppose 243 = x - s. What is the hundreds digit of x?
3
Let q = 139418 + -76721. What is the units digit of q?
7
Let m = 22 - 20. Suppose h - 7 = -m*d - 2, -15 = 3*h. Suppose 2*q + 3*q + g - 244 = 0, -d*q - 3*g + 252 = 0. What is the units digit of q?
8
Suppose 4*l - 147 = 109. Let h = l + -68. What is the tens digit of (5/2)/(h/(-32)*2)?
1
Suppose 0 = 46*d - 133744 - 221376. What is the tens digit of d?
2
Let l(w) = -56*w - 28. Let k be l(-7). Suppose 0 = 2*p + 6*f - 4*f + k, f - 1 = 0. Let u = 320 + p. What is the units digit of u?
7
Let p(m) = -19*m + 51. Let b(j) = -j**3 + 19*j**2 + 44*j - 50. Let w be b(21). What is the units digit of p(w)?
3
Let b(l) = 7 - 7*l - 6*l + 0*l**3 - l**3 - 11*l**2 + 14*l. Let c be b(-11). Let y = c + 11. What is the units digit of y?
7
Let n = -22 - 55. Let j be (1/3 + (-20137)/39)*(-1)/2. Let c = j + n. What is the tens digit of c?
8
Suppose 5*p = d + 5, -9*d = 3*p - 5*d - 3. What is the tens digit of (p + -3 + 751)/1?
4
Suppose 5*n - 2*t + 10 = 0, -5*n + 8 = 4*t + 48. Let y(i) be the second derivative of -i**5/20 - 3*i**3/2 - 3*i**2/2 - 43*i. What is the tens digit of y(n)?
9
What is the hundreds digit of 20/1600*1523810 - (-3)/(-8)*-1?
0
Suppose 18*z + 165256 = 44*z. What is the hundreds digit of z?
3
Let t(s) = -s**2 - 8*s - 11. Let n be t(-5). Suppose h = -n*h + 4375. What is the tens digit of h?
7
Let j = -15 - -19. Let d(m) be the first derivative of 9*m**2 + 45*m - 69. What is the units digit of d(j)?
7
Let n(s) = -s**3 + 21*s**2 + 11*s + 26. Let t be n(21). Let l = t - -172. What is the units digit of l?
9
Let k be 2/24*-4 - 25/(-3). Suppose 4961 = k*x + 1577. What is the hundreds digit of x?
4
Let o(f) = 6592*f - 95. What is the units digit of o(2)?
9
Let s(f) = 2*f**2 + 47*f + 204. Let l be s(-15). Let q be 0 - (4*50)/2. Let i = l - q. What is the units digit of i?
9
Let i(q) = -9*q. Let m be i(-4). Let c = 7124 - 6978. Suppose -c = -5*z - m. What is the units digit of z?
2
What is the units digit of 12/33 - (-636456)/132?
2
Suppose 8*w - 6*w + 4 = 0. Let t be (-1)/w + 957/22. Let d = t - -45. What is the tens digit of d?
8
Let v be (2 + 1)/((-15)/(-240)). What is the units digit of ((-4536)/v)/((-3)/24 + 0)?
6
Suppose -14*g + 35 = -21. Suppose g*x - 1220 - 436 = 0. Suppose 2*w = 4*f - 0*w - x, 0 = -f - 5*w + 131. What is the units digit of f?
6
Let d(h) = 9*h**3 - 2*h**2 + h - 26. Suppose -4*g - 6*t + 8 = -3*t, g - 1 = -t. What is the thousands digit of d(g)?
1
Let h = 14604 - 5745. What is the tens digit of h?
5
Let d = 4076 + -1000. What is the hundreds digit of d?
0
What is the thousands digit of (-1)/(-1)*-2*21/(-336)*50392?
6
Let z = 172 - 323. Let k = 398 + z. What is the units digit of k?
7
Let h(m) = 3 + 7*m + 3*m - 21*m + 64*m**2 + 8*m. What is the tens digit of h(2)?
5
Let z(s) = 11910*s + 153. What is the hundreds digit of z(1)?
0
Let a(q) = -q**2 - 9*q - 16. Let t be a(-8). Let r(y) = 7*y + 20. Let j be r(t). What is the tens digit of (-1052)/j + ((-12)/(-27))/(-2)?
2
Suppose 3*j + i - 4*i = 63, 0 = -5*j + 3*i + 113. Let k(y) = y**3 - 24*y**2 - 16*y + 20. What is the units digit of k(j)?
5
Let a(u) be the first derivative of 410*u**3 - 3*u**2 + 7*u + 249. What is the units digit of a(1)?
1
Let h be 4 + 138/(-30) + 173/5. Suppose 52 = -o - h. What is the tens digit of -3 + 1 + (1 - o) + 3?
8
Suppose 9*p -